e highest common divisor of 364617477 and 1323?
1323
Calculate the greatest common divisor of 48 and 59354320.
16
Calculate the greatest common divisor of 1128 and 1807314.
6
Calculate the greatest common factor of 2633985 and 530019.
1611
What is the highest common divisor of 2457211 and 1555?
311
What is the greatest common factor of 51682 and 166?
2
What is the highest common divisor of 3835917 and 197664?
6177
Calculate the highest common factor of 945070 and 24150.
1610
What is the greatest common divisor of 56876 and 233770?
482
Calculate the greatest common divisor of 39864067 and 2146.
29
What is the highest common divisor of 860 and 12784115?
215
What is the highest common factor of 92205535 and 425?
85
What is the highest common divisor of 35615 and 9079730?
2095
What is the greatest common divisor of 112190060 and 380?
380
Calculate the highest common divisor of 9401448 and 105.
21
Calculate the highest common divisor of 540049558 and 740.
74
What is the highest common divisor of 613924402 and 3874?
3874
Calculate the highest common divisor of 10 and 6584400.
10
Calculate the highest common factor of 2153572 and 2272.
284
Calculate the highest common factor of 1474634 and 224.
14
What is the highest common factor of 307925226 and 45?
9
What is the greatest common divisor of 16356 and 37518972?
564
Calculate the greatest common divisor of 1120 and 1323168.
224
Calculate the highest common divisor of 6269168 and 80.
16
Calculate the highest common factor of 232 and 30111976.
232
What is the highest common divisor of 585 and 3057925?
65
What is the greatest common divisor of 2915 and 7073495?
55
Calculate the greatest common factor of 4218 and 50469702.
222
Calculate the greatest common divisor of 22185 and 116317260.
1305
Calculate the highest common divisor of 12868 and 802.
2
What is the highest common divisor of 274918 and 81760?
1022
Calculate the highest common divisor of 323323 and 71383.
4199
What is the highest common factor of 4657310 and 980?
70
What is the greatest common divisor of 15141 and 945798?
147
Calculate the highest common factor of 3828806652 and 22.
22
Calculate the greatest common divisor of 8525868 and 130.
26
What is the greatest common factor of 26447 and 2064085?
53
What is the greatest common factor of 3054775 and 2075?
25
What is the highest common factor of 536 and 4157928?
8
What is the greatest common divisor of 345 and 23322345?
345
Calculate the highest common factor of 15027031 and 17.
17
What is the highest common divisor of 8176106 and 774?
86
What is the greatest common factor of 1504716 and 814?
74
Calculate the greatest common factor of 186 and 176467314.
186
What is the highest common divisor of 4460 and 12030?
10
What is the highest common divisor of 11321510 and 133085?
3095
What is the highest common factor of 528338 and 32?
2
Calculate the greatest common divisor of 102 and 1725723924.
102
Calculate the greatest common divisor of 182644 and 669669.
77
Calculate the greatest common divisor of 264 and 23733688.
88
What is the greatest common divisor of 45 and 6812145?
45
Calculate the greatest common factor of 5524298 and 78.
26
Calculate the highest common factor of 23643572 and 6280.
628
What is the highest common factor of 1028 and 787189972?
1028
What is the greatest common divisor of 19020 and 6298156?
1268
What is the greatest common divisor of 23187570 and 2835?
105
What is the greatest common factor of 119 and 607223?
17
Calculate the greatest common factor of 58286392 and 376.
376
What is the greatest common factor of 13362847 and 67313?
811
Calculate the highest common factor of 25011835 and 10.
5
Calculate the greatest common factor of 5082 and 21316449.
2541
Calculate the highest common divisor of 24088635 and 162.
9
Calculate the greatest common divisor of 28560 and 4068168.
408
What is the highest common factor of 30508 and 161124?
116
Calculate the greatest common factor of 162925 and 134650530.
4655
Calculate the greatest common divisor of 1827342 and 2904.
726
What is the greatest common factor of 317485 and 10?
5
What is the greatest common divisor of 143157 and 386393?
119
Calculate the greatest common divisor of 573005895 and 3135.
3135
Calculate the highest common divisor of 1620 and 585766890.
810
Calculate the highest common factor of 2580 and 3052570.
430
What is the highest common divisor of 4640 and 7127968?
928
What is the greatest common factor of 9717466 and 88?
22
Calculate the highest common factor of 18 and 214515558.
18
What is the highest common factor of 63 and 7489986?
21
What is the highest common factor of 450 and 1559750?
50
Calculate the greatest common factor of 2770 and 4384190.
10
What is the greatest common divisor of 1108400 and 790?
10
What is the greatest common divisor of 36 and 7401444?
12
What is the highest common factor of 19891037 and 68?
17
What is the highest common factor of 5274664 and 124?
4
What is the highest common divisor of 505 and 5767908?
101
Calculate the greatest common factor of 146925 and 279.
9
What is the highest common factor of 1132 and 446219684?
1132
What is the greatest common factor of 616435 and 2635?
155
Calculate the highest common divisor of 153038264 and 488.
488
Calculate the greatest common factor of 8 and 92541864.
8
Calculate the highest common divisor of 844048 and 27548.
284
What is the highest common factor of 507150 and 4600?
1150
What is the greatest common divisor of 1078732053 and 97?
97
Calculate the highest common divisor of 18 and 76781403.
9
What is the highest common divisor of 61702058 and 22?
22
Calculate the greatest common divisor of 4767452 and 402.
134
Calculate the greatest common factor of 443248203 and 69.
69
What is the greatest common divisor of 43 and 1100562468?
43
Calculate the highest common factor of 31740 and 1200.
60
Calculate the highest common divisor of 591880 and 7750.
10
Calculate the greatest common factor of 489 and 8785537.
163
Calculate the highest common factor of 43 and 176744233.
43
Calculate the highest common divisor of 1145 and 6912823.
229
What is the highest common factor of 833 and 332656?
17
What is the greatest common divisor of 891 and 1339362?
27
Calculate the greatest common divisor of 4160295 and 270.
135
Calculate the highest common factor of 4176 and 41850672.
48
What is the highest common divisor of 6894957 and 1778?
127
What is the highest common divisor of 152744 and 202824?
2504
What is the highest common divisor of 4 and 2817642?
2
What is the greatest common factor of 2094826 and 190?
38
Calculate the greatest common divisor of 340 and 43060.
20
Calculate the greatest common factor of 184 and 145271404.
92
What is the highest common factor of 147994 and 115390?
22
Calculate the greatest common divisor of 8528 and 8274292.
2132
What is the highest common divisor of 45968 and 96352464?
3536
What is the highest common factor of 11525539 and 1219?
53
What is the highest common factor of 1490 and 2910715?
745
Calculate the greatest common divisor of 609 and 24384331.
29
Calculate the greatest common factor of 121742 and 1834526.
4198
What is the greatest common factor of 2991660 and 60?
60
What is the highest common divisor of 450 and 10825270?
10
Calculate the greatest common divisor of 446472 and 5235.
3
What is the greatest common divisor of 10915240 and 62720?
1960
What is the highest common factor of 10504 and 22087?
13
What is the highest common factor of 101053 and 139?
139
What is the highest common divisor of 6475 and 8276240?
35
What is the highest common factor of 36973380 and 3840?
60
What is the highest common divisor of 143518 and 34456?
146
What is the highest common factor of 49757265 and 135?
45
Calculate the highest common factor of 49320 and 4448160.
360
Calculate the greatest common divisor of 193700 and 575.
25
Calculate the greatest common divisor of 335223700 and 245.
245
Calculate the highest common factor of 90347904 and 1152.
1152
Calculate the highest common divisor of 749407 and 249.
83
Calculate the highest common divisor of 132759630 and 510.
510
Calculate the highest common factor of 1255653 and 16131.
57
Calculate the greatest common divisor of 5840391 and 22629.
57
What is the highest common divisor of 39510330 an